 i(-1). Let o(f) be the first derivative of -f**2/2 - 4*f - 131. Give o(t).
-2
Let s(w) = -w**3 + w**2 + 2*w - 3. Let r = 8 - 5. Suppose -r*l + 3*c + 11 = c, -5 = l - 5*c. Suppose v - l*o - 2 = -0*o, -3*v + o = -6. Determine s(v).
-3
Let q(d) = -d**3 + 3*d**2 - 3*d + 1. Let v(r) = -r**2 + 5*r - 9. Let i be v(8). Let c = -31 - i. Give q(c).
-1
Let g(n) = 2*n**2 - n - 1. Let i be -4*(-12)/(-16) + 2. Give g(i).
2
Let h = 52 + -50. Let r(f) = -3 + h*f**2 - 2 - 1 + 2*f + 3. What is r(-3)?
9
Suppose z - 4*j - 16 = 0, 3*z - 7*z - 5*j + 22 = 0. Let u(d) = -10*d + 2 + 1 + z*d - 4*d - d**2. Let p = 10 - 14. What is u(p)?
11
Let f(a) = -10*a**3 + 23*a**2 + 5*a - 4. Let i(o) = 3*o**3 - 7*o**2 - 2*o + 1. Let z(q) = 2*f(q) + 7*i(q). What is z(4)?
-1
Let l(p) = -p + 15. Suppose -3*v - 15 = 0, 4*o - 2*o = -4*v - 8. Determine l(o).
9
Let d(f) = -2*f + 30. Let c = 880 - 866. What is d(c)?
2
Let s(y) = y - 3. Let c = 96 + -99. Calculate s(c).
-6
Let d(x) = -x**2 + 4*x - 2. Let b be 3*(-4)/6 + 22. Suppose -2*w + 13 = n - 4*w, w + b = 5*n. Determine d(n).
1
Let h = 127 + -122. Let u(x) = 28*x - 11*x + h - 19*x. Determine u(-6).
17
Let q(k) = 10*k - 12. Let v(l) = -11*l + 16. Let x(y) = -6*q(y) - 5*v(y). Calculate x(-8).
32
Let y(k) = k**3 + 3*k**2 + 2*k + 1. Let v(a) = a**2 - 12*a + 29. Let z be v(4). Give y(z).
-5
Suppose 2*a - 4*q = 9 - 5, 5*q + 16 = -3*a. Let w(m) = 4*m - 2. What is w(a)?
-10
Let w(g) = g**3 + 12*g**2 + g + 9. Suppose 0 = 2*i + 96 - 72. Determine w(i).
-3
Suppose -k - 4 - 2 = 0. Let r = 10 + k. Let t(u) be the third derivative of -u**4/12 + 2*u**3/3 + 61*u**2. What is t(r)?
-4
Let i(r) = r + 1. Let f(c) = -3. Let y(j) = 5*j - 54. Let x be y(11). Let k(n) = x*f(n) + 5*i(n). Determine k(-2).
-8
Let r(c) = c + 5. Suppose 0 = -5*k + 13 - 3. Let p = -147 + 182. Suppose -3*a = j + 20, a + 4*j + p = -k*a. Give r(a).
0
Let h be 132/33*(-1)/4. Let k(c) = 7*c**2 - 2*c - 2. Calculate k(h).
7
Suppose -g + 12 = 2*u, 5*u + g = -3*g + 33. Let o(k) be the second derivative of 0 - u*k - 3*k**2 - 1/12*k**4 - k**3. What is o(-4)?
2
Let r(t) = -2*t**2 - 2*t + 1. Let f(a) = a**3 + 3*a**2 - 3*a + 4. Let q be f(-4). Suppose 1 = n - q. Calculate r(n).
-3
Let i(k) = 4*k - 4. Let n(t) = t + 1. Let g(p) = -i(p) + 3*n(p). Give g(5).
2
Let x(l) = -l**3 - 6 - 3*l**3 - 4*l**2 + l**3 + 4*l - 3*l**2. Let h(r) = r**3 - r - 1. Let k(v) = -4*h(v) - x(v). Give k(7).
10
Let q(f) be the second derivative of f**3/3 + f**2/2 + 100*f - 3. What is q(2)?
5
Let a(s) = -s**3 + 9*s**2 + 10*s - 1. Let n = 331 + -321. Determine a(n).
-1
Let d(m) = 8*m**2 + 14 + 20*m - 3*m - m**2 - 5*m**2 + 9*m. Give d(-12).
-10
Let z(d) = -d**2 - 3*d - 6. Let c be z(-4). Let o(r) = 469 - 145 + 2*r - 312. Calculate o(c).
-8
Let s(x) = -4*x + 1. Let o be s(2). Let j = 5 + o. Let f(p) = 0*p**3 + p**3 + p**2 - 50 + 2*p + 52. Determine f(j).
-6
Let d(z) = -9*z + z + 11*z. Let x be 1 - (-6)/(-2) - -6. Suppose -4*t = -6*t + x. Calculate d(t).
6
Let f(g) = -g**3 - 7*g**2 - 6*g - 3. Let l = -2 + -4. Determine f(l).
-3
Suppose -5*l + 4*j - 11 - 1 = 0, 5*j + 30 = -5*l. Let h(x) = 3*x + 13. Let c be h(l). Let i(n) = -3*n**2 - n + 1. Give i(c).
-3
Let a be (2/5)/((-28)/280). Let z(v) = v**3 + 5*v**2 + 3*v. What is z(a)?
4
Suppose -3*n + 27 = -2*c + 3*c, -3*n - 189 = -5*c. Suppose -c*f = -37*f + 1. Let a(w) = -9*w**2 + 1. Give a(f).
-8
Let q = -86 - -90. Let l(c) = -4*c**2 - 2*c + 19. Let b(d) = 5*d**2 + 3*d - 19. Let p(i) = q*l(i) + 3*b(i). Give p(0).
19
Let v(c) = -232*c - 2*c**2 + 131*c + 107*c - 1. What is v(4)?
-9
Let o = 21 + -17. Let w(r) = -2*r**3 + 5*r - 4. Let q(s) = 0*s + 2*s**3 - 6*s + 4 + 2*s**3 - s**3 - s**2. Let h(p) = o*w(p) + 3*q(p). Give h(3).
2
Suppose -3*j + 135 = 153. Let z(n) = -n**2 - 3*n - 5. Calculate z(j).
-23
Let y = 2 + -2. Let u(c) = 2*c**2 + 10*c - 5. Let j be u(-6). Let x(t) = 3 - t**2 - j + 7. Give x(y).
3
Let a be 2*(-12)/(-8)*5/3. Suppose 8 = -a*t + 6*t + 3*f, f = 5*t + 8. Let b(r) = 19*r. Calculate b(t).
-19
Let s = -1 + -2. Let w(x) = -7*x**3 - 10*x**2 + x + 5. Let l(n) = -8*n**3 - 11*n**2 + n + 6. Let m(j) = -6*l(j) + 7*w(j). Determine m(s).
-13
Let p(q) = -12*q**3 + 13*q**3 - 4*q**2 - 2*q + 7*q**2 + 2. Let t be p(-4). Let m(u) = u**2 + 5*u - 3. What is m(t)?
3
Let q = 5 - -4. Suppose q = r + 3*i, 4*r + i - 1 = 13. Let k(l) = -l**3 - l**2 + r - 3 - l. Calculate k(-1).
1
Let h(a) be the third derivative of a**6/120 - 2*a**5/15 + 7*a**4/24 + 5*a**3/3 - 197*a**2 + a. Determine h(7).
10
Let l(m) = -3*m**2 - 1. Let f(t) = -2*t - 19. Suppose 5*p + 55 = 5. Let x be f(p). Determine l(x).
-4
Let y(v) be the first derivative of v**4/4 + 2*v**3/3 + v**2/2 - 6. Let f(n) = -n + 1. Let a be f(3). Determine y(a).
-2
Let t(a) = -a**3 - 5*a**2 - 2*a + 5. Let s(p) = p - 3. Let k(y) = -2*y + 3. Let x(b) = -2*k(b) - 3*s(b). Let q be x(-7). Let n be -6 + 0 + q/(-2). What is t(n)?
-3
Let j(l) = l**2 + 2*l - 5. Let y(a) = -16*a - 5. Let d be y(-4). Suppose o + g = -0*g - d, -o = 4*g + 74. Let v be ((-4)/(-6))/(9/o). What is j(v)?
3
Suppose -5*x + 24 = n + 2*n, -5*n - 2*x = -21. Let w(f) = 2 + 3*f**3 + 0*f**3 - f**2 - 4*f**n + 7. What is w(0)?
9
Let l(x) = 19*x. Let d(p) = -p**3 + 4*p**2 + p - 1. Let y be d(0). Calculate l(y).
-19
Let k(o) be the third derivative of o**6/120 - o**5/60 + o**4/12 + o**3/6 - 6*o**2. Suppose -12*g - 70 = -7*g. Let l = 16 + g. Calculate k(l).
9
Let o(b) be the third derivative of b**6/120 + 3*b**5/20 + 5*b**4/12 + 2*b**3/3 + 36*b**2. Give o(-8).
-12
Let h(i) = 118*i**2 + 0 - 121*i**2 + i + i**3 + 2. Let o be ((-3)/2)/(6/(-8)). Give h(o).
0
Let t be 40/12 + 112/(-84). Let z(l) = -4*l + 4. Give z(t).
-4
Let i(u) = u**3 - u. Let w(j) be the first derivative of 5*j**4/4 - 11*j**3/3 + 3*j**2 + j + 11. Let m(d) = -4*i(d) + w(d). Calculate m(10).
1
Suppose -8 = 4*w - 2*c, w - 4*c + 10 = -w. Let o(l) = -3*l**3 + 2*l**2 + 2*l + 1. Determine o(w).
4
Let b be ((-12)/(-14))/(3/105). Let k be b/9 - 1/3. Let x(y) = k*y - 2 - 1 - 2*y + 0*y. Give x(6).
3
Let u(a) = a**2 + 2*a - 4. Let l be u(2). Let z(d) = d**3 - 2*d**2 - 6*d + 6. What is z(l)?
14
Let f(r) = -r**2 + 15*r - 5. Let u be f(15). Let h be (-3776)/(-40) - (-2)/u. Let k(a) = h - 2*a - 89 - a**2 + 2*a. Give k(0).
5
Suppose 4 = -4*q, -57 - 126 = 5*v - 2*q. Let g be 6/(-21) + v/(-7). Let p(y) = 4*y - 3. Let c(d) = -23*d + 18. Let u(b) = 6*c(b) + 34*p(b). Give u(g).
-4
Suppose -5 = -3*t - 5*m, 0*t + 4*m = -t + 4. Let n be 10/(-25) + 17/5. Suppose i - n*h = -16, 2*h - 15 = -t*i + 5*i. Let s(u) = 7*u**3 + u. Determine s(i).
-8
Let p(s) = s**3 - 2*s**2 + s - 2. Let h be p(2). Suppose 2*a - 7*a = h. Let d(z) = -z**3 + z**2 - z - 2. Let m be d(a). Let x(y) = -y**2 - 4*y - 3. Give x(m).
1
Let c(a) = -11*a - 5. Let n(u) = -9*u - 4. Let f(t) = -4*c(t) + 5*n(t). Give f(2).
-2
Let p(k) = 2*k**2 + 5*k + 4. Let s(j) = j**3 - 9*j**2 - 11*j + 15. Let v be s(10). Suppose -4*r - 17 = -v. Calculate p(r).
7
Let b(h) = 6*h. Suppose 4*c - 16 = j, 3*c - 4 = 4*j + 7*c. Calculate b(j).
-24
Let v(i) = -i**3 - 14*i**2 + 22*i - 8. Let k(x) = x**3 + 15*x**2 - 24*x + 9. Let n(f) = -6*k(f) - 7*v(f). What is n(-9)?
11
Let w = 109 + -45. Let v = w - 21. Suppose 3*m = 5*i + v, 0 = -3*i - 0*i + 3*m - 27. Let r(q) = -q**2 - 9*q - 12. Determine r(i).
-4
Suppose 29*u = 31 + 27. Let q(c) = -c**2 - c + 2. Calculate q(u).
-4
Let i(l) = 1 + l**2 + 0*l**2 + 4 - l + 5*l. Let s(z) = -z**2 + 6*z - 4. Let p be s(6). Let t be i(p). Let o(y) = y**3 - 4*y**2 - 6*y + 3. Give o(t).
-2
Suppose 114 - 24 = 10*k. Let p(x) = -x + 2. What is p(k)?
-7
Let j(o) = -6*o**2 + 6*o + 3. Suppose 4*t + 12 = -4*p, 5*t + 14 = 2*p - 8. Let q(v) = v**2 + 1. Let k(w) = p*j(w) + 5*q(w). Give k(7).
1
Let g(o) = 5*o**2 + o**3 + 40 - 37 + 4 + o. What is g(-5)?
2
Let g = -1069 + 1073. Let t(u) = -u**3 + 3*u**2 - 5*u - 1. Give t(g).
-37
Suppose -w - 7 = -2*w. Let m(r) = 9*r**2 + 8 - 2*r - w - r**2. Let n = 54 - 53. Give m(n).
7
Let b(v) = -2*v**2 - 34*v + 59. Let u be b(-19). Let o(n) = 2*n + 38. Determine o(u).
4
Let f(a) be the first derivative of 3*a**2/2 + 2. Let l(y) = -y**3 + 6*y**2 + 9*y + 1. Let c be l(7). Suppose -3*n - 2*i = -3 - 9, 5*i = c. Give f(n).
6
Suppose -2 = -2*n - 2*i, 4*n - 2*i - 4 = -i. Let m be 5*(-3)/15*-2. Let s(l) = -l - 2. Let a(c) = -2*c - 1. Let v(q) = m*s(q) - 3*a(q). Determine v(n